{"id":38,"date":"2021-09-11T11:11:56","date_gmt":"2021-09-11T11:11:56","guid":{"rendered":"https:\/\/nokke.deothemes.com\/?page_id=38"},"modified":"2024-02-01T13:35:21","modified_gmt":"2024-02-01T10:35:21","slug":"hakkimizda","status":"publish","type":"page","link":"https:\/\/www.eybainsaat.com\/index.php\/hakkimizda\/","title":{"rendered":"Hakk\u0131m\u0131zda"},"content":{"rendered":"\t\t<div data-elementor-type=\"wp-page\" data-elementor-id=\"38\" class=\"elementor elementor-38\">\n\t\t\t\t\t\t\t\t\t<section class=\"elementor-section elementor-top-section elementor-element elementor-element-edd4080 elementor-section-boxed elementor-section-height-default elementor-section-height-default\" data-id=\"edd4080\" data-element_type=\"section\" data-settings=\"{&quot;background_background&quot;:&quot;classic&quot;}\">\n\t\t\t\t\t\t\t<div class=\"elementor-background-overlay\"><\/div>\n\t\t\t\t\t\t\t<div class=\"elementor-container elementor-column-gap-default\">\n\t\t\t\t\t<div class=\"elementor-column elementor-col-100 elementor-top-column elementor-element elementor-element-f3bb30c\" data-id=\"f3bb30c\" data-element_type=\"column\">\n\t\t\t<div class=\"elementor-widget-wrap elementor-element-populated\">\n\t\t\t\t\t\t\t\t<section class=\"elementor-section elementor-inner-section elementor-element elementor-element-8f78072 elementor-section-boxed elementor-section-height-default elementor-section-height-default\" data-id=\"8f78072\" data-element_type=\"section\">\n\t\t\t\t\t\t<div class=\"elementor-container elementor-column-gap-default\">\n\t\t\t\t\t<div class=\"elementor-column elementor-col-50 elementor-inner-column elementor-element elementor-element-39cb548\" data-id=\"39cb548\" data-element_type=\"column\">\n\t\t\t<div class=\"elementor-widget-wrap elementor-element-populated\">\n\t\t\t\t\t\t\t\t<div class=\"elementor-element elementor-element-9a10305 elementor-widget elementor-widget-heading\" data-id=\"9a10305\" data-element_type=\"widget\" data-widget_type=\"heading.default\">\n\t\t\t\t<div class=\"elementor-widget-container\">\n\t\t\t<style>\/*! elementor - v3.18.0 - 20-12-2023 *\/\n.elementor-heading-title{padding:0;margin:0;line-height:1}.elementor-widget-heading .elementor-heading-title[class*=elementor-size-]>a{color:inherit;font-size:inherit;line-height:inherit}.elementor-widget-heading .elementor-heading-title.elementor-size-small{font-size:15px}.elementor-widget-heading .elementor-heading-title.elementor-size-medium{font-size:19px}.elementor-widget-heading .elementor-heading-title.elementor-size-large{font-size:29px}.elementor-widget-heading .elementor-heading-title.elementor-size-xl{font-size:39px}.elementor-widget-heading .elementor-heading-title.elementor-size-xxl{font-size:59px}<\/style><h1 class=\"elementor-heading-title elementor-size-default\">Hakk\u0131m\u0131zda<\/h1>\t\t<\/div>\n\t\t\t\t<\/div>\n\t\t\t\t<div class=\"elementor-element elementor-element-e14b908 elementor-widget elementor-widget-text-editor\" data-id=\"e14b908\" data-element_type=\"widget\" data-widget_type=\"text-editor.default\">\n\t\t\t\t<div class=\"elementor-widget-container\">\n\t\t\t<style>\/*! elementor - v3.18.0 - 20-12-2023 *\/\n.elementor-widget-text-editor.elementor-drop-cap-view-stacked .elementor-drop-cap{background-color:#69727d;color:#fff}.elementor-widget-text-editor.elementor-drop-cap-view-framed .elementor-drop-cap{color:#69727d;border:3px solid;background-color:transparent}.elementor-widget-text-editor:not(.elementor-drop-cap-view-default) .elementor-drop-cap{margin-top:8px}.elementor-widget-text-editor:not(.elementor-drop-cap-view-default) .elementor-drop-cap-letter{width:1em;height:1em}.elementor-widget-text-editor .elementor-drop-cap{float:left;text-align:center;line-height:1;font-size:50px}.elementor-widget-text-editor .elementor-drop-cap-letter{display:inline-block}<\/style>\t\t\t\t<p>\u2014 Modern Ya\u015fam alanlar\u0131 in\u015faa ediyoruz<\/p>\t\t\t\t\t\t<\/div>\n\t\t\t\t<\/div>\n\t\t\t\t\t<\/div>\n\t\t<\/div>\n\t\t\t\t<div class=\"elementor-column elementor-col-50 elementor-inner-column elementor-element elementor-element-7568e01\" data-id=\"7568e01\" data-element_type=\"column\">\n\t\t\t<div class=\"elementor-widget-wrap\">\n\t\t\t\t\t\t\t\t\t<\/div>\n\t\t<\/div>\n\t\t\t\t\t\t\t<\/div>\n\t\t<\/section>\n\t\t\t\t\t<\/div>\n\t\t<\/div>\n\t\t\t\t\t\t\t<\/div>\n\t\t<\/section>\n\t\t\t\t<section class=\"elementor-section elementor-top-section elementor-element elementor-element-85f2634 elementor-section-boxed elementor-section-height-default elementor-section-height-default\" data-id=\"85f2634\" data-element_type=\"section\">\n\t\t\t\t\t\t\t<div class=\"elementor-background-overlay\"><\/div>\n\t\t\t\t\t\t\t<div class=\"elementor-container elementor-column-gap-default\">\n\t\t\t\t\t<div class=\"elementor-column elementor-col-100 elementor-top-column elementor-element elementor-element-ad268e5\" data-id=\"ad268e5\" data-element_type=\"column\">\n\t\t\t<div class=\"elementor-widget-wrap elementor-element-populated\">\n\t\t\t\t\t\t\t\t<section class=\"elementor-section elementor-inner-section elementor-element elementor-element-a32ac71 elementor-section-content-middle elementor-section-boxed elementor-section-height-default elementor-section-height-default\" data-id=\"a32ac71\" data-element_type=\"section\">\n\t\t\t\t\t\t<div class=\"elementor-container elementor-column-gap-default\">\n\t\t\t\t\t<div class=\"elementor-column elementor-col-50 elementor-inner-column elementor-element elementor-element-2a35944 elementor-invisible\" data-id=\"2a35944\" data-element_type=\"column\" data-settings=\"{&quot;animation&quot;:&quot;fadeInLeftSmooth&quot;}\">\n\t\t\t<div class=\"elementor-widget-wrap elementor-element-populated\">\n\t\t\t\t\t\t\t\t<div class=\"elementor-element elementor-element-032772d elementor-widget__width-initial elementor-widget-tablet__width-inherit elementor-widget elementor-widget-text-editor\" data-id=\"032772d\" data-element_type=\"widget\" data-widget_type=\"text-editor.default\">\n\t\t\t\t<div class=\"elementor-widget-container\">\n\t\t\t\t\t\t\t<p><strong>Eyba \u0130n\u015faat<\/strong> olarak, <strong>2011<\/strong> y\u0131l\u0131ndan bu yana yurtd\u0131\u015f\u0131 ve yurti\u00e7inde kazand\u0131\u011f\u0131m\u0131z deneyimleri, ileri m\u00fchendislik ve mimarl\u0131k bilgisiyle birle\u015ftirerek in\u015faat sekt\u00f6r\u00fcnde \u00f6nc\u00fc projelere imza at\u0131yoruz. Bu birle\u015fim, sekt\u00f6rdeki ulusal ve uluslararas\u0131 geli\u015fmeleri yak\u0131ndan takip edip, projelerimizi yenilik\u00e7i ve s\u00fcrd\u00fcr\u00fclebilir \u00e7\u00f6z\u00fcmlerle harmanlama f\u0131rsat\u0131 sunuyor.<\/p><p><strong>Misyonumuz<\/strong>, her projemizde m\u00fc\u015fteri memnuniyetini temel ilke olarak benimseyerek, kalite standartlar\u0131na uygun, estetik ve fonksiyonel \u00e7\u00f6z\u00fcmler sunmakt\u0131r. Y\u00fcksek m\u00fchendislik becerilerimiz ve mimarl\u0131k anlay\u0131\u015f\u0131m\u0131zla, sekt\u00f6re katk\u0131 sa\u011flamay\u0131 ve m\u00fc\u015fterilerimizin beklentilerini en \u00fcst d\u00fczeyde kar\u015f\u0131lamay\u0131 ama\u00e7l\u0131yoruz.<\/p><p><strong>Vizyonumuz<\/strong> ise sekt\u00f6rde lider bir konuma ula\u015fmak, s\u00fcrd\u00fcr\u00fclebilir in\u015faat projeleriyle \u00e7evreye duyarl\u0131 bir yakla\u015f\u0131m sergilemek ve m\u00fc\u015fterilerimize de\u011fer yaratmak \u00fczerine odaklanmaktad\u0131r. Bu vizyon do\u011frultusunda, gelecekte de inovasyon ve kaliteyi \u00f6n planda tutarak, sekt\u00f6rdeki \u00f6nc\u00fcl\u00fc\u011f\u00fcm\u00fcz\u00fc s\u00fcrd\u00fcrmeyi hedefliyoruz.<\/p>\t\t\t\t\t\t<\/div>\n\t\t\t\t<\/div>\n\t\t\t\t\t<\/div>\n\t\t<\/div>\n\t\t\t\t<div class=\"elementor-column elementor-col-50 elementor-inner-column elementor-element elementor-element-40a5f79 elementor-invisible\" data-id=\"40a5f79\" data-element_type=\"column\" data-settings=\"{&quot;animation&quot;:&quot;fadeInRightSmooth&quot;}\">\n\t\t\t<div class=\"elementor-widget-wrap elementor-element-populated\">\n\t\t\t\t\t\t\t\t<div class=\"elementor-element elementor-element-12bdaea elementor-widget elementor-widget-image\" data-id=\"12bdaea\" data-element_type=\"widget\" data-widget_type=\"image.default\">\n\t\t\t\t<div class=\"elementor-widget-container\">\n\t\t\t<style>\/*! elementor - v3.18.0 - 20-12-2023 *\/\n.elementor-widget-image{text-align:center}.elementor-widget-image a{display:inline-block}.elementor-widget-image a img[src$=\".svg\"]{width:48px}.elementor-widget-image img{vertical-align:middle;display:inline-block}<\/style>\t\t\t\t\t\t\t\t\t\t\t\t<img fetchpriority=\"high\" decoding=\"async\" width=\"500\" height=\"500\" src=\"https:\/\/www.eybainsaat.com\/wp-content\/uploads\/2024\/01\/Eyba-logo.png\" class=\"attachment-large size-large wp-image-8\" alt=\"\" srcset=\"https:\/\/www.eybainsaat.com\/wp-content\/uploads\/2024\/01\/Eyba-logo.png 500w, https:\/\/www.eybainsaat.com\/wp-content\/uploads\/2024\/01\/Eyba-logo-300x300.png 300w, https:\/\/www.eybainsaat.com\/wp-content\/uploads\/2024\/01\/Eyba-logo-150x150.png 150w\" sizes=\"(max-width: 500px) 100vw, 500px\" \/>\t\t\t\t\t\t\t\t\t\t\t\t\t\t\t<\/div>\n\t\t\t\t<\/div>\n\t\t\t\t\t<\/div>\n\t\t<\/div>\n\t\t\t\t\t\t\t<\/div>\n\t\t<\/section>\n\t\t\t\t\t<\/div>\n\t\t<\/div>\n\t\t\t\t\t\t\t<\/div>\n\t\t<\/section>\n\t\t\t\t\t\t\t<\/div>\n\t\t","protected":false},"excerpt":{"rendered":"<p>Hakk\u0131m\u0131zda \u2014 Modern Ya\u015fam alanlar\u0131 in\u015faa ediyoruz Eyba \u0130n\u015faat olarak, 2011 y\u0131l\u0131ndan bu yana yurtd\u0131\u015f\u0131 ve yurti\u00e7inde kazand\u0131\u011f\u0131m\u0131z deneyimleri, ileri m\u00fchendislik ve mimarl\u0131k bilgisiyle birle\u015ftirerek in\u015faat sekt\u00f6r\u00fcnde \u00f6nc\u00fc projelere imza at\u0131yoruz. Bu birle\u015fim, sekt\u00f6rdeki ulusal ve uluslararas\u0131 geli\u015fmeleri yak\u0131ndan takip edip, projelerimizi yenilik\u00e7i ve s\u00fcrd\u00fcr\u00fclebilir \u00e7\u00f6z\u00fcmlerle harmanlama f\u0131rsat\u0131 sunuyor. Misyonumuz, her projemizde m\u00fc\u015fteri memnuniyetini temel [&hellip;]<\/p>\n","protected":false},"author":1,"featured_media":0,"parent":0,"menu_order":0,"comment_status":"closed","ping_status":"closed","template":"","meta":{"footnotes":""},"class_list":["post-38","page","type-page","status-publish","hentry"],"_links":{"self":[{"href":"https:\/\/www.eybainsaat.com\/index.php\/wp-json\/wp\/v2\/pages\/38","targetHints":{"allow":["GET"]}}],"collection":[{"href":"https:\/\/www.eybainsaat.com\/index.php\/wp-json\/wp\/v2\/pages"}],"about":[{"href":"https:\/\/www.eybainsaat.com\/index.php\/wp-json\/wp\/v2\/types\/page"}],"author":[{"embeddable":true,"href":"https:\/\/www.eybainsaat.com\/index.php\/wp-json\/wp\/v2\/users\/1"}],"replies":[{"embeddable":true,"href":"https:\/\/www.eybainsaat.com\/index.php\/wp-json\/wp\/v2\/comments?post=38"}],"version-history":[{"count":17,"href":"https:\/\/www.eybainsaat.com\/index.php\/wp-json\/wp\/v2\/pages\/38\/revisions"}],"predecessor-version":[{"id":2257,"href":"https:\/\/www.eybainsaat.com\/index.php\/wp-json\/wp\/v2\/pages\/38\/revisions\/2257"}],"wp:attachment":[{"href":"https:\/\/www.eybainsaat.com\/index.php\/wp-json\/wp\/v2\/media?parent=38"}],"curies":[{"name":"wp","href":"https:\/\/api.w.org\/{rel}","templated":true}]}}